{"id":6142,"date":"2025-12-01T13:34:07","date_gmt":"2025-12-01T13:34:07","guid":{"rendered":"https:\/\/nalburmelih.com\/?post_type=product&#038;p=6142"},"modified":"2025-12-01T13:34:07","modified_gmt":"2025-12-01T13:34:07","slug":"mobel-selulozik-tiner-1-1-800-gr","status":"publish","type":"product","link":"https:\/\/nalburmelih.com\/index.php\/product\/mobel-selulozik-tiner-1-1-800-gr\/","title":{"rendered":"MOBEL SEL\u00dcLOZ\u0130K T\u0130NER 1\/1 800 GR"},"content":{"rendered":"<p data-start=\"191\" data-end=\"419\">Mobel Sel\u00fclozik Tiner 1\/1 800 gr, ah\u015fap, metal ve mobilya y\u00fczeylerinde h\u0131zl\u0131 kuruma sa\u011flayan y\u00fcksek kaliteli bir solventtir. Sel\u00fclozik boyalar, vernik ve lake i\u015flemlerinde boya inceltici veya temizleyici olarak kullan\u0131labilir.<\/p>\n<p data-start=\"421\" data-end=\"726\">800 gr\u2019l\u0131k ambalaj\u0131 ile profesyonel at\u00f6lye ve hobi uygulamalar\u0131 i\u00e7in uygundur. H\u0131zl\u0131 buharla\u015fma \u00f6zelli\u011fi sayesinde uygulama s\u0131ras\u0131nda y\u00fczeyin kuruma s\u00fcresini optimize eder ve boya performans\u0131n\u0131 art\u0131r\u0131r. Kimyasal yap\u0131s\u0131, boya ak\u0131\u015fkanl\u0131\u011f\u0131n\u0131 iyile\u015ftirir ve p\u00fcr\u00fczs\u00fcz bir y\u00fczey elde edilmesine yard\u0131mc\u0131 olur.<\/p>\n<p data-start=\"728\" data-end=\"888\">Mobel Sel\u00fclozik Tiner, dayan\u0131kl\u0131, g\u00fcvenilir ve etkili bir \u00e7\u00f6z\u00fcmd\u00fcr; mobilya ve ah\u015fap i\u015flerinde kusursuz sonu\u00e7 almak isteyen kullan\u0131c\u0131lar i\u00e7in ideal bir \u00fcr\u00fcnd\u00fcr.<\/p>\n","protected":false},"excerpt":{"rendered":"<p data-start=\"191\" data-end=\"419\">Mobel Sel\u00fclozik Tiner 1\/1 800 gr, ah\u015fap, metal ve mobilya y\u00fczeylerinde h\u0131zl\u0131 kuruma sa\u011flayan y\u00fcksek kaliteli bir solventtir. Sel\u00fclozik boyalar, vernik ve lake i\u015flemlerinde boya inceltici veya temizleyici olarak kullan\u0131labilir.<\/p>\n<p data-start=\"421\" data-end=\"726\">800 gr\u2019l\u0131k ambalaj\u0131 ile profesyonel at\u00f6lye ve hobi uygulamalar\u0131 i\u00e7in uygundur. H\u0131zl\u0131 buharla\u015fma \u00f6zelli\u011fi sayesinde uygulama s\u0131ras\u0131nda y\u00fczeyin kuruma s\u00fcresini optimize eder ve boya performans\u0131n\u0131 art\u0131r\u0131r. Kimyasal yap\u0131s\u0131, boya ak\u0131\u015fkanl\u0131\u011f\u0131n\u0131 iyile\u015ftirir ve p\u00fcr\u00fczs\u00fcz bir y\u00fczey elde edilmesine yard\u0131mc\u0131 olur.<\/p>\n<p data-start=\"728\" data-end=\"888\">Mobel Sel\u00fclozik Tiner, dayan\u0131kl\u0131, g\u00fcvenilir ve etkili bir \u00e7\u00f6z\u00fcmd\u00fcr; mobilya ve ah\u015fap i\u015flerinde kusursuz sonu\u00e7 almak isteyen kullan\u0131c\u0131lar i\u00e7in ideal bir \u00fcr\u00fcnd\u00fcr.<\/p>\n","protected":false},"featured_media":6143,"template":"","meta":[],"product_brand":[583],"product_cat":[412],"product_tag":[587,588,589,593,596,594,591,584,592,494,597,585,595,586,590],"class_list":{"0":"post-6142","1":"product","2":"type-product","3":"status-publish","4":"has-post-thumbnail","6":"product_brand-mobel","7":"product_cat-boya-yardimci-malzemeleri","8":"product_tag-1-1","9":"product_tag-800gr","10":"product_tag-ahsap","11":"product_tag-boya","12":"product_tag-hizlikuruma","13":"product_tag-inceltici","14":"product_tag-lake","15":"product_tag-mobel","16":"product_tag-mobilya","17":"product_tag-profesyonel","18":"product_tag-puruzsuzyuzey","19":"product_tag-selulozik","20":"product_tag-temizleyici","21":"product_tag-tiner","22":"product_tag-vernik","24":"first","25":"instock","26":"shipping-taxable","27":"product-type-simple"},"_links":{"self":[{"href":"https:\/\/nalburmelih.com\/index.php\/wp-json\/wp\/v2\/product\/6142","targetHints":{"allow":["GET"]}}],"collection":[{"href":"https:\/\/nalburmelih.com\/index.php\/wp-json\/wp\/v2\/product"}],"about":[{"href":"https:\/\/nalburmelih.com\/index.php\/wp-json\/wp\/v2\/types\/product"}],"version-history":[{"count":1,"href":"https:\/\/nalburmelih.com\/index.php\/wp-json\/wp\/v2\/product\/6142\/revisions"}],"predecessor-version":[{"id":6144,"href":"https:\/\/nalburmelih.com\/index.php\/wp-json\/wp\/v2\/product\/6142\/revisions\/6144"}],"wp:featuredmedia":[{"embeddable":true,"href":"https:\/\/nalburmelih.com\/index.php\/wp-json\/wp\/v2\/media\/6143"}],"wp:attachment":[{"href":"https:\/\/nalburmelih.com\/index.php\/wp-json\/wp\/v2\/media?parent=6142"}],"wp:term":[{"taxonomy":"product_brand","embeddable":true,"href":"https:\/\/nalburmelih.com\/index.php\/wp-json\/wp\/v2\/product_brand?post=6142"},{"taxonomy":"product_cat","embeddable":true,"href":"https:\/\/nalburmelih.com\/index.php\/wp-json\/wp\/v2\/product_cat?post=6142"},{"taxonomy":"product_tag","embeddable":true,"href":"https:\/\/nalburmelih.com\/index.php\/wp-json\/wp\/v2\/product_tag?post=6142"}],"curies":[{"name":"wp","href":"https:\/\/api.w.org\/{rel}","templated":true}]}}